se 0 = -32*f - 25*f - 2*f + 5900. Calculate the remainder when f is divided by (-189)/(-6) + 1/(-2).
7
Let n(z) = -z**2 + 6*z + 9. Let l be n(7). Suppose u + 2*r - 33 = 0, 5*u - l*u - 5*r - 121 = 0. What is the remainder when u is divided by (-3 + 8)*-10*4/(-10)?
17
Suppose -k - 12 = -4*k + q, 2*q = 5*k - 20. Let r = -52 + 61. Suppose k*b - 27 - r = 0. Calculate the remainder when 42 is divided by b.
6
Suppose -8487 = 14*s - 19*s - 36*s. Suppose 0 = 3*i - 0*i - 165. Calculate the remainder when s is divided by i.
42
Suppose -2*y + 32 - 14 = 0. Suppose -y*r = -368 + 8. Calculate the remainder when r is divided by 12.
4
Let w(x) = -x**2 + 20*x - 48. Let d be w(16). Suppose -d = 3*g - 31. Calculate the remainder when 7 is divided by g.
2
Suppose 4*s + 1849 = 3*x + 8*s, 4*x - 2*s - 2436 = 0. What is the remainder when x is divided by 74?
19
Let w be (560/(-7))/(-3 - -4). What is the remainder when 71 is divided by ((-81)/15)/(24/w)?
17
Suppose -4*d - 4*z + 4328 = 0, 325*z - 326*z - 5446 = -5*d. Calculate the remainder when d is divided by 162.
116
Let b = -40 + 158. Suppose 4*z - 174 = g - 3*g, -b = -3*z - 4*g. Calculate the remainder when z is divided by 12.
10
Suppose 4*a = -13 - 3, 16 = -2*p + a. Let j(s) = -s**3 - 12*s**2 - 26*s - 45. Calculate the remainder when 224 is divided by j(p).
14
Suppose -75*o - 218*o = -44*o - 3735. Calculate the remainder when (2 - (3 - 2))*43 is divided by o.
13
Let t(j) = -j**3 - 48*j**2 + 34*j - 6. What is the remainder when t(-49) is divided by 219?
72
Let r(l) = l**3 - 16*l**2 + 14*l + 30. Suppose 5*v + 40 = 2*h, 3*h + 5 = 4*h + 5*v. Calculate the remainder when 46 is divided by r(h).
1
Suppose 8*s = 2*f + 626, -4*s - 4*f = -0*s - 348. Let a = -4 - -30. Calculate the remainder when s is divided by a.
2
Suppose 19*m = -171*m + 48070. Calculate the remainder when m is divided by 100.
53
Suppose 0 = 4*q - 5*i - 9574, 11924 = 5*q - 538*i + 539*i. Calculate the remainder when q is divided by 57.
49
Let j(f) = -f**2 + 118*f - 267. Calculate the remainder when j(96) is divided by 229.
13
Suppose 0 = 4*h - 41987 + 37703. Calculate the remainder when h is divided by 45.
36
Suppose 10*z = 7 + 143. Suppose 3*i - w = 481, 4*i + 12*w - z*w = 643. What is the remainder when i is divided by 43?
31
Suppose 8*y = 3*y + 585. Let d = y - 101. What is the remainder when d is divided by 7?
2
Let m = 456 + -439. What is the remainder when 265 is divided by (-137 - -129)*m/(-2)*1?
61
Let i(v) = 2*v + 49*v - 11 - 4. Let u be i(8). Let s = u - 245. What is the remainder when s is divided by 30?
28
Let l(j) = 2*j**3 + 30*j**2 - 210*j - 126. Calculate the remainder when 812 is divided by l(-20).
72
Let a(z) = z**3 + 15*z**2 + z - 25. Let n = 103 - 58. Let c = 31 - n. What is the remainder when a(c) is divided by 40?
37
Let d(j) = j**3 - 2*j**2 + j. Calculate the remainder when ((-144)/6 + -11)*-4 is divided by d(4).
32
Let g = 76 + -58. Suppose -15*k - 1784 = -7979. Suppose -4*f + 5*q = -k, 4*f + q - 208 = 223. Calculate the remainder when f is divided by g.
17
Let o = 69 + -63. Suppose c - 5 = 0, -y + 24 = 3*c + 5. Let r = o + y. Calculate the remainder when 19 is divided by r.
9
Suppose 2*y - 7*y = -5*w + 10, -5*y + 35 = 4*w. Suppose -75 = -179*h + 154*h. Calculate the remainder when 19 is divided by 32/y + h/9.
8
Calculate the remainder when 3493 is divided by (-4)/(-32)*-1 + (-4263)/(-56).
73
Let o be 139564/322 - 8/(-14) - 1. Suppose 860 - o = 7*i. What is the remainder when 115 is divided by i?
54
Suppose 0 = 37*h - 43*h + 50*h - 4796. Calculate the remainder when 601 is divided by h.
56
Let w(l) = -l**3 + 11*l**2 - 7*l - 9. Let i be w(10). Let z = 25 - i. What is the remainder when -4 - -79 - z - 4 is divided by 18?
13
Let m(a) = -a**3 + 82*a**2 - 89*a + 762. What is the remainder when 2859 is divided by m(81)?
9
Let a = -17828 - -17858. Calculate the remainder when a is divided by -1*(-1 + 2) + 12.
8
Let l(h) = 48*h**2 + 1343*h + 12. Let d(p) = -p**2 + 7*p + 3. What is the remainder when l(-28) is divided by d(4)?
10
Let f = 317 - 315. Suppose -f*i + g + 174 = 0, 0 = 6*i - 9*i + 3*g + 261. Let v(o) = -o + 22. What is the remainder when i is divided by v(0)?
21
Let o(j) = 13*j**2 + 209*j - 129. What is the remainder when 4798 is divided by o(-17)?
73
What is the remainder when 28 is divided by -2 + 33/2 + 51/(-34)?
2
Let g = -140 - -170. Let r = -454 + 564. Calculate the remainder when r is divided by g.
20
Suppose -125 = 4*k + 3*v, 5*k + 3*v + 165 = v. Calculate the remainder when (1420/k)/((-2)/7) is divided by 21.
16
Let n = -3471 - -3539. Calculate the remainder when 89 is divided by n.
21
Let b be 14*(7/(14/(-6)))/(-1). Suppose 0 = b*g - 41*g - 39. What is the remainder when g is divided by 16?
7
Let w be ((-3 + 3)/6)/1. Suppose w = -8*z + 125 + 275. Calculate the remainder when z is divided by 21.
8
Let a = 3053 - 3034. What is the remainder when 1114 is divided by a?
12
Let u(w) be the first derivative of w**3 + w**2/2 - 11*w - 63. Let z(g) = 3*g**2 - 3*g - 3. What is the remainder when u(-5) is divided by z(3)?
14
Suppose -42*m + 13881 + 777 = 0. Calculate the remainder when m is divided by 22.
19
Let m = -216 + 233. Suppose 3*p - m = 25. What is the remainder when 49 is divided by p?
7
Let v = -515 - -623. Calculate the remainder when 3667 is divided by v.
103
Let a(j) = 76*j - 609. Let d be a(8). Let p(c) be the third derivative of 7*c**5/12 - c**4/12 - 2*c**2. What is the remainder when 145 is divided by p(d)?
34
Suppose 3*x + l - 123 = 3*l, 5*l - 58 = -x. Let j = -44 + x. Let w = 8 + j. Calculate the remainder when 67 is divided by w.
4
Let p = 378 + -370. Let c = 5 - 1. Calculate the remainder when 6/(c/42*3) is divided by p.
5
Suppose -179 = 4*j - 35*j + 2053. What is the remainder when 101 is divided by j?
29
Let i = 5341 + -4705. What is the remainder when i is divided by 59?
46
Let i = -342 - -350. Calculate the remainder when 1/i + (-19002)/(-48) is divided by 25.
21
Let j(w) = -3*w**3 - w**2 + 8*w - 2. Let m be j(5). Let f = m - -378. Calculate the remainder when f is divided by 4.
0
Suppose 5*f + 71*n - 99 = 73*n, -4*f = 4*n - 96. What is the remainder when 852 is divided by f?
12
Let b(n) = 124*n + 3. Let m be b(-1). Let x = m - -134. What is the remainder when 49 is divided by x?
10
Let y = 16807 - 16703. What is the remainder when y is divided by 37?
30
Let h(y) = -179*y + 260. What is the remainder when h(0) is divided by 66?
62
Suppose 7*g = 8 + 76. Suppose 2*i + 17*f - 574 = g*f, i = -3*f + 287. Calculate the remainder when i is divided by 12.
11
Suppose -2*f = -2*c - 400, 11*c + 558 = 3*f + 15*c. What is the remainder when 371 is divided by f?
177
Let o = -774 + 791. Suppose -354 = -18*s + o*s. What is the remainder when s is divided by 89?
87
Let s = 9855 - 5068. Calculate the remainder when s is divided by 9.
8
Let k = 398 - 122. Let l = 292 - k. Calculate the remainder when 127 is divided by l.
15
Suppose 6693 = 417*t - 4149. Suppose -h + 5*h - 508 = 0. Calculate the remainder when h is divided by t.
23
Let z = 39939 + -38405. What is the remainder when 4615 is divided by z?
13
Suppose -z - 27*s = -25*s - 786, -4*z - 5*s + 3120 = 0. Calculate the remainder when z is divided by 62.
26
Let h be (-91)/28 + (-3)/24*6. What is the remainder when 78 is divided by 7/14*-9*h?
6
Suppose 0*z = -3*z - 66. Let o be 2/11 - -4*188/z. Let i = o + 48. Calculate the remainder when 24 is divided by i.
10
Suppose 91 = 7*q + 7. Let d(j) = -j**3 + 9*j**2 - 8*j + 5. Let p be d(7). Let f = p + -43. What is the remainder when q is divided by f?
0
Let y be (38/(-5))/((-84)/2940). Let u = y + -246. Calculate the remainder when 113 is divided by u.
13
Let o = -72 - -74. Suppose -2*j + 168 = o*x, -x - 8*j = -3*j - 104. Calculate the remainder when x is divided by 20.
19
Calculate the remainder when 9/6*(-1 + (-214)/(-3) - 3) is divided by 35.
31
Suppose -14*n = -66 - 46. Calculate the remainder when n is divided by 5.
3
Let t(x) = x + 2. Let v(u) = 3*u - 26. Let g be v(11). Let m = -2 + g. What is the remainder when 39 is divided by t(m)?
4
Suppose -16 = -5*z + 2*k, 0 = -4*z + 5*z - k - 2. Suppose -5*o + 972 = z*o. Calculate the remainder when o is divided by 22.
20
Suppose -294*p + 292*p = -12. Suppose -3*n + 9 = -9. What